29
Let p = 4 + 0. Let d = p - 14. List the prime factors of 5/(d/(-4))*2.
2
Let b be 2/(1 - 3/6). Suppose 60 = r + b*r. What are the prime factors of r?
2, 3
Let q = -12 + 17. Suppose 40 = q*s - 20. What are the prime factors of s?
2, 3
Let a(o) = 9*o**2 - 2*o + 1. What are the prime factors of a(1)?
2
List the prime factors of 4*78/2 + 3/1.
3, 53
Suppose 2*f - 6*f + 100 = 0. Let c = f + 2. List the prime factors of c.
3
Let s be 606/14 + 2/(-7). Let x = -10 + s. Let n = x - 23. List the prime factors of n.
2, 5
Suppose 0 = -4*j + 44 + 8. Let a = 9 - j. Let i(l) = l**2 + 2*l + 1. What are the prime factors of i(a)?
3
Let c = -137 + 202. What are the prime factors of c?
5, 13
Suppose 4*m + 5*y = 3*m - 22, 2*m + 4*y = -14. Let l(g) = g + 4. Let v be l(m). Let p = v - 4. What are the prime factors of p?
3
Let g = 5 - -3. List the prime factors of g/((6/(-4))/(-3)).
2
Let b(r) be the first derivative of 5*r - 1/4*r**4 + 4/3*r**3 + 1/2*r**2 - 2. What are the prime factors of b(4)?
3
Suppose 2*y + 4*b = 68, -y = 4*y + 4*b - 194. List the prime factors of y.
2, 3, 7
Suppose 4*z = -3 - 21. Let g be (z - -3) + 1/(-1). List the prime factors of g/(3/((-45)/6)).
2, 5
Let j(s) = -s - 1. Let l be j(4). What are the prime factors of (l/(-5))/((-2)/(-8))?
2
Let i be 6/(-4)*(-20)/(-15). What are the prime factors of ((-3 - 26)*i)/2?
29
Let j(y) = y**2 - y - 10. Let w be j(0). What are the prime factors of (9*-1)/(w/30)?
3
Let i(o) = -o**2 - 4*o - 2. Let m be i(-3). Let k = 4 + m. Suppose k*w = -0*w + 55. What are the prime factors of w?
11
Let r = -52 + 62. List the prime factors of r.
2, 5
Let v = 6 - 6. What are the prime factors of (-16)/(-2) - (v - -1)?
7
Let h = -394 + 688. List the prime factors of h.
2, 3, 7
Suppose -1 = 2*p - 19. Let h = p + 14. List the prime factors of h.
23
Suppose -5*b + 4*a + 15 = -a, -a = 4*b + 8. Let x(u) = -3*u. Let d be x(b). Suppose d*j = j + l + 1, 0 = j - 5*l + 22. What are the prime factors of j?
3
List the prime factors of (-18)/27 + 41/3.
13
Suppose -3*q + 6 + 9 = 0. Suppose -2*u - 17 = -3*c, 0 = 3*c + q*u - 0 + 11. Suppose -1 = p - 4, -o - c*p = -25. List the prime factors of o.
2
Let i = -5 - 9. Let j(q) = q**3 + 14*q**2 - 3*q + 13. What are the prime factors of j(i)?
5, 11
Let t be (-15)/(-6)*48/20. Let d be (-11 - (0 + -1))*-1. Let o = t + d. List the prime factors of o.
2
Suppose 0 = -2*n - 8 + 2. Let a(x) = x**2 + 6*x + 4. Let z be a(-5). Let i = z - n. What are the prime factors of i?
2
Let f be 3/3 - 2 - -52. Suppose 2*y + 3*g = -15 + f, -4*y - g + 72 = 0. List the prime factors of y.
2, 3
Suppose -12*r = -11*r. Suppose -2*p - 3*p + 80 = r. What are the prime factors of p?
2
Let c be 6/(-2)*(-119)/(-21). Let p = c + 32. What are the prime factors of p?
3, 5
Let u(d) = d + 9. Let l be 8 - (1 + -4 + 1). What are the prime factors of u(l)?
19
Let w(n) = 12*n**2 + n - 3. What are the prime factors of w(3)?
2, 3
Let d(z) = 2*z - 6. Let w = 11 + -7. Let l be d(w). List the prime factors of 15/6*l/1.
5
Suppose -15 = -4*m + b + 8, -m + 17 = -4*b. Suppose -m*w - 4 = -19. Suppose l - 44 = -w*l. List the prime factors of l.
11
Suppose -3*l + 5*l - 12 = 0. Let j = 60 - l. What are the prime factors of j?
2, 3
Let i(v) = v**3 + 9*v**2 - 12*v - 7. List the prime factors of i(-9).
101
Suppose 2*c = 3*d + d - 10, 0 = -3*c + d. Let s = 4 + c. What are the prime factors of s?
5
Let u(r) = 2*r**2 - 3*r + 9. List the prime factors of u(-4).
53
Let l(i) = -i**2 + 6*i - 5. Let p be l(5). Suppose 5*d - 33 - 7 = p. What are the prime factors of d?
2
Suppose -8 = -4*b - 0*b. Suppose 3*n - 6*n - 4*y + 13 = 0, 34 = 4*n + b*y. What are the prime factors of n?
11
Let x = 29 + -21. Let i(s) = -s**2 + 6*s + 5. Let h be i(x). Let r = h - -21. List the prime factors of r.
2, 5
Let z(y) = -5 + 3*y - y**3 - 8*y**2 + 4*y**2 - 2. Let c be z(-5). Suppose -7*o = -c*o + 4*f - 20, 3*f = 6. List the prime factors of o.
3
Let a be (-13 - 2)*(-1)/3. Suppose -a*t = -53 - 52. What are the prime factors of t?
3, 7
Suppose -2*b + b = -3. Suppose 7*m + 16 = b*m, -2*z + 26 = -5*m. What are the prime factors of (-2)/z - (-26)/3?
2
List the prime factors of 6/18 - 125/(-3).
2, 3, 7
Let j(z) = -2*z - 6. Let v = -8 - -4. Let d be j(v). Suppose -d*b = -7*b + 90. List the prime factors of b.
2, 3
Suppose 4*k = -3*s + 32, 2*s + 36 = 6*s + 2*k. Suppose -s = -3*p + 25. What are the prime factors of p?
11
Let s be (-2)/7 + (-36)/21. List the prime factors of 3*s/(-6)*13.
13
Suppose -9*x = -14*x + 120. What are the prime factors of x?
2, 3
Suppose 19 = 2*d - 45. Suppose 10*n = 6*n + d. List the prime factors of n.
2
Let d = 32 + -20. What are the prime factors of ((-164)/d)/(2/(-6))?
41
Suppose -12*q - 54 = -306. List the prime factors of q.
3, 7
Let x(i) = -i**2 + 5*i + 450. List the prime factors of x(0).
2, 3, 5
Let z(q) = -q**3 - 2*q**2 + 4*q - 5. Suppose g + 2*g = -15. List the prime factors of z(g).
2, 5
Let g = 13 + -22. Let z = g - -6. What are the prime factors of 2/(12/z)*-18?
3
What are the prime factors of (162/4)/(2/8)?
2, 3
Let d(m) = -m**3 + 9*m**2 - 7*m + 1. Let l be d(8). Let s = l + -16. What are the prime factors of (s - 1)/(-4 + 3)?
2
Suppose -8 = -4*z + d + 2*d, -5*z - 2*d - 13 = 0. List the prime factors of z/4 - 57/(-4).
2, 7
Suppose -1600 = 11*q - 16*q. List the prime factors of q.
2, 5
Let r be (-14)/(-49) + (-124)/(-7). Suppose -5*m + 75 = 3*n, 0 = 5*m - 2*n - r - 57. List the prime factors of m.
3, 5
Suppose 0 = 2*h - 5*i + 16, -5*i = 4*h - h - 1. Let x = h + 20. List the prime factors of x.
17
Suppose 0*p - 56 = -7*p. What are the prime factors of p?
2
Let w be 1/1 - (0 - -2). Let r be w/(-1)*-47 + 2. List the prime factors of ((-6)/5)/(6/r).
3
Let w(h) = -h**3 + 6*h**2 + h - 3. What are the prime factors of w(-4)?
3, 17
Let n(c) = c**3 + 5*c**2 + 5*c - 18. List the prime factors of n(4).
2, 73
Suppose 8*r = 2*p + 4*r - 18, -3*p + 5*r = -27. Suppose -19 = 5*n - 4*j - 6, -2*j + p = -5*n. What are the prime factors of n/((-30)/(-33) + -1)?
11
Let u(l) be the first derivative of l**3 + l**2 + 3*l - 3. What are the prime factors of u(-2)?
11
Suppose -6*l + 276 = -0*l. What are the prime factors of l?
2, 23
Let y(o) = 3*o**2 - 4*o + 4. List the prime factors of y(4).
2, 3
Let o = 301 + -129. List the prime factors of o.
2, 43
Let w = 3 + -9. Let i be (-8)/w + 2/3. Suppose 0*p = i*p - 24. What are the prime factors of p?
2, 3
Suppose -7*f + 234 = -123. What are the prime factors of f?
3, 17
Let s(t) be the first derivative of 11*t**3/3 - t**2/2 + 1. What are the prime factors of s(1)?
2, 5
What are the prime factors of (5 + -4)/(-1) - -110?
109
What are the prime factors of 52/6*((-156)/(-8) + -3)?
11, 13
Let j = -131 + 190. List the prime factors of j.
59
Suppose -5*d = 205 - 580. List the prime factors of d.
3, 5
Suppose 69 = -v - 165. What are the prime factors of 8/20 - v/15?
2
Suppose -25 = 2*k - 0*k + 5*d, -4*k + 5*d = -25. Let l(t) = t**2 + t + 16. What are the prime factors of l(k)?
2
Let b(q) = -5*q + 2. Suppose -5*t = -3*l + 4, 0*l - t - 10 = 4*l. What are the prime factors of b(l)?
2, 3
Let p be 3*(0 - (-1)/1). Let f be (-1)/p + (-35)/3. Let q = 18 + f. List the prime factors of q.
2, 3
Let o = 2 - 0. Suppose 43 = o*v - 21. List the prime factors of v.
2
Let w(b) = -2*b + 3. Let l be w(3). Let a be (2 - 5)/(-3) - l. Suppose -a*x = -5*j + 37, 2*j = 3*j + 5*x + 10. What are the prime factors of j?
5
Let u(f) = -f**3 + 6*f**2 - 6*f + 3. Let j be u(4). Let d(y) = y**2 + 5*y + 6. Let x be d(-4). Suppose -1 = -x*s + j. List the prime factors of s.
2, 3
Suppose -i - 2*o - 33 = -115, 4*i - 328 = -3*o. List the prime factors of i.
2, 41
Let h(j) = 17*j + 14*j - 12*j. Let s be h(5). List the prime factors of s/10 + (-2)/4.
3
Suppose 3*g = -3, -5*g = z - 0*g - 68. List the prime factors of z.
73
Let x(k) = 8*k**3 + k - 5*k - 7*k**3 + 4 - k**2 - 2*k**2. What are the prime factors of x(5)?
2, 17
Let x be (4/(-10))/(11/(-5115)). Suppose u - 4*j = -2*u + 124, -4*u - 5*j + x = 0. What are the prime factors of u?
2, 11
Suppose 0 = -0*q + 2*q - 64. Suppose q + 7 = 3*n. What are the prime factors of 1 + (-1 - -3) + n?
2
Let q(k) = -3*k - 2*k - 10 - 5*k + 4*k. What are the prime factors of q(-5)?
2, 5
Let u(z) = z**2 - 9*z + 8. Let k be u(8). Suppose 0 =